etermine t(32).
-15
Let v(d) = d**2 + 15*d - 42. Calculate v(-17).
-8
Let o(w) = w + 4. Give o(8).
12
Let m(c) = c**2 + 5*c - 34. Calculate m(-9).
2
Let o(r) = -r**2 + 8*r + 9. Determine o(7).
16
Let r(a) = 2*a**2 - 6*a + 3. Calculate r(3).
3
Let h(j) = j**3 + 7*j**2 + 2*j + 10. Calculate h(-7).
-4
Let z(y) = y**3 - 11*y**2 - 26*y - 15. Give z(13).
-15
Let n(q) = q**3 - 3*q**2 + q. Give n(3).
3
Let g(n) = 2*n - 19. Calculate g(10).
1
Let c(m) = -m**3 + 13*m**2 - 11*m + 3. What is c(12)?
15
Let t(u) = -2*u**3 - u**2 + 9*u + 17. Determine t(-4).
93
Let b(g) = -g**2 - 23*g - 121. What is b(-12)?
11
Let i(y) = -y**3 + 6*y**2 - 6*y + 4. What is i(5)?
-1
Let f(q) = -3*q - 45. Calculate f(-13).
-6
Let d(s) = -s**2 + 17*s - 35. Determine d(13).
17
Let f(d) = d**3 - 8*d**2 + 8*d - 4. Calculate f(7).
3
Let q(o) = 3*o - 1. Determine q(-4).
-13
Let i(n) = n**3 - n**2 - 2*n + 9. Calculate i(4).
49
Let f(g) = -g**3 - 8*g**2 - 13*g - 6. What is f(-6)?
0
Let x(l) = 5*l. Give x(-6).
-30
Let b(c) = -19*c + 263. What is b(12)?
35
Let p(f) = -35*f - 70. What is p(-2)?
0
Let r(g) = -g**2 + 11*g + 7. Give r(11).
7
Let i(m) = -10*m + 105. Determine i(11).
-5
Let w(t) = 76*t - 1071. What is w(14)?
-7
Let v(i) = -i**3 + i**2 - 2*i - 4. Give v(3).
-28
Let l(f) = f**3 + 4*f**2 - 2*f + 14. Determine l(-5).
-1
Let q(x) = -x**2 - 7*x - 6. Determine q(-7).
-6
Let b(q) = q**3 - 14*q**2 - 13*q - 14. Calculate b(15).
16
Let l(f) = -f - 54. Determine l(-23).
-31
Let i(b) = -2*b + 4. Give i(4).
-4
Let u(z) = -3*z**3 - 12*z**2 - 8*z - 2. Calculate u(-3).
-5
Let l(d) = -d**3 - d**2 + 4*d. Give l(-3).
6
Let o(r) = -2*r**3 - 45*r**2 + 125*r + 5. Determine o(-25).
5
Let q(j) = 5*j - 2. What is q(7)?
33
Let z(l) = -l**3 - 13*l**2 - 12*l - 3. Give z(-12).
-3
Let w(y) = 3*y - 11. Determine w(7).
10
Let w(m) = m**2 + 27*m + 181. Calculate w(-17).
11
Let x(i) = 3*i - 33. Give x(-10).
-63
Let v(g) = g**2 - 3*g - 54. Determine v(0).
-54
Let t(a) = -a**3 + 2*a**2 + a - 2. Give t(2).
0
Let q(u) = -u**2 + 8*u + 8. What is q(7)?
15
Let j(o) = -o**3 - 7*o**2 - 4*o - 2. Give j(-7).
26
Let z(u) = 5*u - 28. What is z(5)?
-3
Let c(d) = -d**2 - 12*d + 4. What is c(-6)?
40
Let w(j) = -j**2 - 2. Give w(-2).
-6
Let k(t) = 8*t + 62. Give k(-7).
6
Let a(l) = 3*l - 44. Calculate a(9).
-17
Let u(g) = -5*g**3 - 1. Give u(-1).
4
Let g(q) = -8*q**2 + 2*q + 1. What is g(-1)?
-9
Let m(g) = g**3 - 21*g**2 + 40*g + 19. Calculate m(19).
57
Let q(n) = -n - 14. Calculate q(-9).
-5
Let n(j) = j**2 - 19*j + 9. Determine n(18).
-9
Let m(z) = -z**3 - 2*z**2 - 3*z - 6. Give m(-4).
38
Let t(z) = z**2 + 6*z - 10. Give t(-9).
17
Let l(o) = -o**3 - 7*o**2 + 6*o - 5. What is l(-8)?
11
Let u(t) = -83*t**2 + t + 1. What is u(-1)?
-83
Let s(j) = 6*j**2 - 3*j + 2. Calculate s(2).
20
Let g(q) = 2*q**3 + 2*q**2 - 2*q - 1. Determine g(-2).
-5
Let g(w) = -3*w**2 + 6*w + 37. Determine g(5).
-8
Let n(v) = v**3 + 19*v**2 + 27*v + 168. Give n(-18).
6
Let n(o) = -3*o + 27. Calculate n(6).
9
Let p(o) = 32*o**3 - 3*o - 2. Calculate p(-1).
-31
Let w(g) = -28*g - 181. Give w(-6).
-13
Let f(b) = 10*b - 388. Calculate f(38).
-8
Let t(m) = -m**3 - 17*m**2 + 5*m + 73. What is t(-17)?
-12
Let i(u) = -u**3 - 26*u**2 - 71*u - 51. Give i(-23).
-5
Let b(t) = t**3 + 9*t**2 + 12*t + 4. Determine b(-6).
40
Let s(q) = 2*q**3 + 8*q**2 + 5*q - 3. Give s(-5).
-78
Let h(d) = -d**2 - 12*d - 27. Calculate h(-7).
8
Let w(g) = -g**2 - 10*g - 28. Give w(0).
-28
Let l(m) = -m**2 - 3*m - 3. Give l(-4).
-7
Let u(f) = f**3 - 4*f - 1. Determine u(3).
14
Let u(i) = -i**3 - 11*i**2 - 11*i + 59. Calculate u(-9).
-4
Let t(d) = -d - 12. Give t(-16).
4
Let y(b) = -9*b + 74. What is y(8)?
2
Let f(v) = v**3 - 22*v**2 + 119*v + 10. What is f(12)?
-2
Let m(r) = -r**2 + 4*r + 2. Calculate m(-4).
-30
Let b(t) = -12*t - 24. Give b(-4).
24
Let s(b) = 10*b - 6. What is s(-4)?
-46
Let m(o) = -48*o - 4. Give m(-1).
44
Let r(f) = f**2 + 18*f + 16. What is r(-17)?
-1
Let q(r) = -r**3 + 26*r**2 + 54*r + 60. Determine q(28).
4
Let z(w) = -w**3 - 9*w**2 + 23*w + 6. Determine z(-11).
-5
Let d(l) = 14*l + 1. What is d(1)?
15
Let q(h) = -h**3 + 6*h**2 - 5*h + 6. What is q(4)?
18
Let f(r) = 5*r - 2. Calculate f(4).
18
Let a(o) = 2*o**3 - 3*o**2 - 3*o + 2. Give a(2).
0
Let k(o) = -o**3 + 11*o**2 - o + 8. What is k(11)?
-3
Let r(d) = d**2 + 2*d - 3. What is r(-4)?
5
Let n(g) = -g**3 - 10*g**2 + 12*g + 9. Determine n(-11).
-2
Let p(w) = 8*w - 5. Give p(4).
27
Let p(c) = -c**2 + 33*c - 45. What is p(32)?
-13
Let d(r) = -8*r**3 + 2*r**2 + 4*r - 5. Give d(1).
-7
Let i(t) = -t**2 + 4. Give i(-3).
-5
Let a(x) = -x**2 + 28*x - 190. What is a(11)?
-3
Let a(z) = -7*z - 66. Give a(-8).
-10
Let s(m) = m**3 - 11*m**2 + 15*m - 63. Calculate s(10).
-13
Let l(u) = -u**2 + 6*u - 18. Calculate l(9).
-45
Let l(r) = -2*r**2 + 40*r + 7. Calculate l(22).
-81
Let x(g) = -3*g**3 - 3*g**2 + 1. Determine x(-1).
1
Let s(h) = -h + 1. Determine s(7).
-6
Let h(x) = -x**2 + 8*x - 22. Give h(6).
-10
Let m(v) = v**3 + 11*v**2 - 13*v - 1. Give m(-12).
11
Let f(n) = -n**2 - 2*n + 2. Give f(5).
-33
Let o(z) = z**3 - 3*z**2 + 1. Calculate o(-4).
-111
Let f(l) = l**2 + 9*l - 11. Determine f(-11).
11
Let w(m) = 9*m + 73. Calculate w(-9).
-8
Let b(j) = -j**2 + 13*j + 7. Give b(12).
19
Let i(c) = c**2 - 21*c + 28. What is i(20)?
8
Let l(j) = j**2 - 8*j + 2. What is l(6)?
-10
Let t(n) = 3*n + 86. Give t(-33).
-13
Let h(a) = a**3 - 12*a**2 - 3*a + 33. Calculate h(12).
-3
Let k(t) = 13*t + 151. Calculate k(-12).
-5
Let r(j) = j**3 + 12*j**2 + 13*j + 14. Determine r(-11).
-8
Let i(y) = -y**3 - 10*y**2 + 11*y - 8. Calculate i(-11).
-8
Let w(g) = -15*g + 681. Determine w(45).
6
Let z(j) = -3*j - 9. Calculate z(-3).
0
Let z(j) = j**2 - 10*j + 3. Give z(7).
-18
Let t(s) = s**3 - 11*s**2 + 17*s + 6. What is t(9)?
-3
Let c(v) = v**3 + 6*v**2 + 2*v - 2. Determine c(-6).
-14
Let m(r) = -r**3 + 29*r**2 - 56*r + 61. What is m(27)?
7
Let l(f) = f**2 + 16*f - 1. What is l(-16)?
-1
Let z(c) = 2*c**2 + 58*c - 22. Determine z(-29).
-22
Let x(a) = a**2 + 12*a - 17. Calculate x(-13).
-4
Let n(x) = 6*x + 4. Calculate n(-3).
-14
Let i(b) = -6*b + 53. Calculate i(9).
-1
Let n(y) = 21*y - 116. Determine n(4).
-32
Let u(a) = 7*a + 279. What is u(-40)?
-1
Let z(l) = l**2 + 10*l - 18. Calculate z(-12).
6
Let m(u) = 2*u**3 - 2*u - 17. Determine m(0).
-17
Let m(h) = -h**2 + 4*h + 12. Calculate m(6).
0
Let a(g) = 4*g**2. What is a(-1)?
4
Let h(d) = -d**3 - d**2 - d + 4. Give h(0).
4
Let z(j) = 9*j + 13. Determine z(7).
76
Let w(x) = 9*x**3 - x**2 - 7*x + 10. Determine w(2).
64
Let j(k) = -k**2 - 13*k - 30. Give j(-6).
12
Let o(i) = -2*i**2 - 5*i - 3. Give o(-3).
-6
Let k(q) = 9*q + 4. Calculate k(-4).
-32
Let y(q) = -4*q - 13. What is y(-5)?
7
Let f(b) = -b + 31. What is f(11)?
20
Let o(g) = g**2 + 8*g + 6. Calculate o(-5).
-9
Let k(f) = -4*f**2 - 14*f - 2. What is k(-3)?
4
Let d(v) = -v - 8. Give d(8).
-16
Let j(q) = -2*q**2 + 81*q - 230. Give j(3).
-5
Let d(z) = 9*z + 30. Determine d(-13).
-87
Let s(w) = -w**2 + 4*w + 25. What is s(7)?
4
Let p(q) = 7*q + 23. Determine p(-4).
-5
Let r(u) = -2*u**2 + 26*u + 14. Give r(13).
14
Let r(h) = -h**3 - 6*h**2 - 3*h - 10. What is r(-5)?
-20
Let w(s) = 90*s + 1425. Give w(-16).
-15
Let t(u) = 7*u**2 + 2*u - 2. Calculate t(2).
30
Let r(l) = l**3 - 14*l**2 + 66*l - 113. Calculate r(7).
6
Let d(r) = -r**2 + 10*r - 10. Determine d(7).
11
Let l(a) = -7*a + 182. Give l(21).
35
Let b(a) = a + 7. Calculate b(-11).
-4
Let v(r) = -10*r + 30. What is v(-6)?
90
Let t(u) = -u**2 + 11*u + 6. Determine t(13).
-20
Let t(f) = -9*f**2 - 51*f + 6. What is t(-6)?
-12
Let p(v) = v**2 + 27. Calculate p(0).
27
Let n(a) = -a**3 - 9*a**2 - 16*a - 9. Calculate n(-7).
5
Let n(b) = -2*b**2 - 2*b + 82. What is n(6)?
-2
Let z(w) = -3*w**3 - w**2 - 8*w + 7. Determine z(1).
-5
Let y(s) = s**2 - 8*s - 36. What is y(-3)?
-3
Let l(s) = -s**2 - 70*s - 439. What is l(-63)?
2
Let z(n) = -n**2 - 36*n - 86. Give z(-3).
13
Let a(d) = 2*d + 19. What is a(-8)?
3
Let r(o) = -8*o - 13. Give r(3).
-37
Let g(f) = -2*f**2 - 15*f + 9. Give g(-8).
1
Let y(i) = i**2 - 8*i - 5. Give y(6).
-17
Let d(x) = 9*x + 68. Determine d(-9).
-13
Let s(a) = -a**3 + 7*a**2 + 14. What is s(7)?
14
Let x(n) = n**2 + 6*n - 4. Calculate x(-7).
3
Let y(p) = -p**3 - 56*p**2 - 57*p - 127. Deter